s digit of q?
2
Suppose 5*w - 21 = -1. Suppose -d + w = -2. What is the units digit of d?
6
Let l(c) be the first derivative of c**3/3 - c + 1. Let f be l(2). What is the units digit of (-6)/(-10)*(f + 2)?
3
Suppose 0 = 4*t - r - r - 94, 5*r - 129 = -4*t. What is the units digit of t?
6
Let y be 3/(3/(-4) + 0). Let b be (-9 - -5)*1*y. Let g = 30 - b. What is the tens digit of g?
1
Let g(b) = 2*b**2 - 2*b + 3. Let k be g(2). Let d = 9 - k. What is the units digit of d?
2
Let c be (104/12)/(4/(-18)). Let v be (-6)/c - (-440)/13. What is the tens digit of v/3 + (-8)/(-12)?
1
Let o(l) = 4*l + 2. Let b be o(10). Let x = -30 + b. What is the units digit of x?
2
What is the units digit of (-3689)/(-35) - ((-6)/(-15))/1?
5
Suppose 2*z - 4 = -2. What is the tens digit of (-35 - -1)/(z + -3)?
1
Suppose s - 6*s = 30. Let o(m) = m**2 + 4*m - 3. What is the units digit of o(s)?
9
Suppose 0 = 5*d + v - 193, 0 = 2*v - 1 + 5. Suppose 2*l - 2*r - d = r, 0 = 3*l + 3*r - 21. What is the tens digit of l?
1
Suppose -5*g = -3*g - 24. Suppose 4*c = g, 0 = 5*k + 6*c - 4*c - 1. Let d(t) = -16*t. What is the units digit of d(k)?
6
Let y(w) = w - 13. Let g be y(10). Let p(l) = -9*l + 4. What is the units digit of p(g)?
1
Let j(g) = 2*g**2 - 2. What is the units digit of j(2)?
6
Let s(h) = h**3 - 7*h**2 - 8*h + 4. Let y be (-41)/(-5) + 4/(-20). Let t be s(y). Suppose -n - 75 = -6*n + 3*w, 38 = t*n + 2*w. What is the tens digit of n?
1
Suppose 0 = -4*x + 3*a + 6, 0*x - 2*x - a = -8. Suppose -131 = -x*c - 35. What is the tens digit of c?
3
Let b be 30/(-45)*(-39)/(-2). What is the units digit of (-21)/35 + b/(-5)?
2
Let v(r) = -r + 8. What is the units digit of v(-7)?
5
Let m(c) = 3*c**3 - 3*c + 2. Let p be m(2). Suppose -l = -6*l + p. What is the units digit of l?
4
Let h = 9 - 15. Let f(g) = 2*g + 0 - g - 5 + 17. What is the units digit of f(h)?
6
Let t(d) = -4*d - 2. Let q be t(2). What is the units digit of 1/(-2) - q/4?
2
Let t(g) = 2*g**2 + 2*g + 1. Suppose -6*r - 6 = -3*r. Let v be t(r). Suppose 6 = s - v. What is the tens digit of s?
1
Let d(r) = 2*r - 4. Let y be d(3). Suppose 11 = -y*m + 1, -3*m = -2*g + 25. Suppose -t = g*z - 12, -5*z = -5*t - 3*z + 33. What is the units digit of t?
7
Let g(y) = 5*y**2 - 2*y. Let p be g(-2). Suppose l = -3*l - 2*j + p, 3*l + 5*j = 18. What is the units digit of l?
6
Suppose 104 = -29*r + 31*r. What is the units digit of r?
2
Suppose 391 = 5*b + 91. What is the tens digit of b?
6
Let n = 9 + 2. Let v = 19 - 11. Let k = n - v. What is the units digit of k?
3
Suppose -m = 5 - 41. What is the tens digit of m?
3
Suppose -3*x + 23 = -118. What is the tens digit of x?
4
Suppose 0*x - 3*x - 2*y = -16, -4*x + 20 = 2*y. Let m be (3 + 0 - 2) + -1. Suppose -x*z + 9*z + 45 = 5*h, h - 4*z - 21 = m. What is the units digit of h?
5
What is the units digit of (-452)/(-14) - (-20)/(-70)?
2
Suppose -4*v + 0*k - 1 = 3*k, -4*v - 5*k - 7 = 0. Let i = 3 - v. What is the units digit of i?
1
Let y be (1 + 1)*1 - 0. Let g be (-2)/(-1) - 10/5. Suppose -y*f - 2*t - 6 = 0, f - 2*t - 13 + 4 = g. What is the units digit of f?
1
Let j(l) = l**3 - 12*l**2 + 10*l + 19. What is the units digit of j(11)?
8
Let t(l) = -57*l - 8. What is the tens digit of t(-3)?
6
Let l = 20 + 26. What is the tens digit of l?
4
Let q = 2 + -6. What is the units digit of (6/q)/(9/(-6))?
1
Let z(w) = 3*w - 3. Let f be z(4). Suppose -4*v + 19 + f = 0. What is the units digit of v?
7
Let n = -111 - -112. What is the units digit of n?
1
Let l be (2/3)/((-5)/(-30)). Suppose 10 = l*i + i. What is the units digit of i?
2
Let c(f) = -f**2 - 9*f - 3. What is the units digit of c(-8)?
5
Suppose 2*z - 35 = -p, 100 = 5*z - 2*p + 7*p. What is the tens digit of -3 + z + (-2 - -1)?
1
Let w be (4/(-3))/((-5)/(-15)). Let k(t) = 2*t**2 + 5*t + 2. What is the units digit of k(w)?
4
Let a(b) = 2*b**2 - b - 1. Let d be a(-1). Suppose -4*s - 3*n + 12 = d, -3*n = -5*s - 1. Suppose 5*v = 16 - s, v = 5*y - 7. What is the units digit of y?
2
Let z be -7 - -7 - 1*-2. What is the units digit of (1 - 3)/(z + -3)?
2
Suppose -4*y + 54 + 122 = 0. What is the tens digit of y?
4
Let m(v) = v + 23. What is the units digit of m(-16)?
7
Let q(k) = k**2 - 5*k - 4. Let u be q(6). Suppose -l + 2*p = 3*l - 34, 3*l - 36 = -u*p. Suppose -3*b = 2*b - l. What is the units digit of b?
2
Let z(i) = -2*i**2 - 1. Let g be z(1). Let n be 6 - g*1/(-3). Suppose 19 = u + 5*o - 15, 58 = n*u - 3*o. What is the tens digit of u?
1
Let b(v) = -11*v. Let t be b(2). Let g = -7 - t. What is the units digit of g?
5
Suppose -8*n - 5 = -101. What is the units digit of n?
2
Let j be (-4)/10 + 84/10. Suppose 5*c = j + 12. Suppose -p - c*p + 20 = 0. What is the units digit of p?
4
Let p(g) = -3*g + 5. Let j be p(-13). Suppose 5*x - 1 = 19, -2*m + j = 3*x. What is the units digit of m?
6
Suppose k - 2*k = q, -q = -k - 4. Suppose -3*n = q*i - 7, -n + 5*i - 23 = -3*n. Let w = n + 4. What is the units digit of w?
3
Suppose -2*a = -11 + 1, a + 375 = 5*p. Let s = -53 + p. What is the tens digit of s?
2
Suppose 15 = 2*r + 3*r. Suppose 0 = -r*n + 3. What is the units digit of n?
1
Let z(i) = -33*i + 6*i - 9*i. What is the tens digit of z(-1)?
3
Suppose l + 4*l - 80 = 0. Let c = -9 + l. What is the units digit of c?
7
Let m be (-5)/(2 + 0 + -3). Suppose m*f = 6*f - 16. What is the tens digit of f?
1
Let b be 1/3 + (-9)/27. Suppose b = 5*v + 5, c + c - 15 = -5*v. What is the units digit of c?
0
Suppose -p - 14 = -3*p + 2*g, -4*p - 3*g = 0. Let m(l) = 3*l + 6. What is the units digit of m(p)?
5
Let w(f) = -f - 1. Let y be w(8). Let s be y/12 - 9/(-12). What is the tens digit of s + 12 + (2 - 2)?
1
Let b(y) = 3*y - 4. Let a(t) = t - 1. Let i(l) = -a(l) + b(l). What is the units digit of i(5)?
7
Let t = 367 - 233. What is the units digit of t?
4
Let d(b) = -8*b - 1. Let f be d(-1). Let o = -4 + f. Suppose -o*a + 12 = -0*a. What is the units digit of a?
4
Let w = -13 + 5. Let v = -7 - w. What is the units digit of v?
1
Let g be ((2 - 2) + 0)*1. Suppose -5*z + 30 + 130 = g. What is the units digit of (z/20)/((-2)/(-25))?
0
Suppose 0 = 8*a - 1243 - 853. What is the hundreds digit of a?
2
Suppose 5*g + 20 = 0, -2*j - 2*j - 3*g = 0. Suppose -4*s + 5 = -j*s. What is the units digit of s?
5
Let r(m) = -m + 11. Let o be r(9). Let x be -1 + 2 + -14 - o. Let f = -9 - x. What is the units digit of f?
6
Suppose 2*r = 3*s, 5*s + 2*r + 0*r - 16 = 0. What is the units digit of s?
2
Suppose 2*c + 3*l - 32 = 0, -2 = -3*l + 2*l. Suppose -3*b + c = 4*a, 2*b + a = -2*a + 9. What is the units digit of b?
3
Suppose 0 = -0*x + x. Let j(s) = 1 - 2*s + 2*s + s. What is the units digit of j(x)?
1
Let v = 19 - -3. What is the units digit of v?
2
Let b(d) = d**3 + 5*d**2 - 7*d - 3. Let c be (21/(-15) + 1)*-5. Suppose -s - 4 = c. What is the units digit of b(s)?
3
Let m = 58 + -23. What is the units digit of m?
5
Let i = 2 - -8. Let t(f) = -5*f - 1. Let j be t(1). Let p = j + i. What is the units digit of p?
4
Let h(p) = p**3 + 2*p**2 - 5*p - 4. Let k = -3 - 0. Let y be h(k). Suppose 3*g = y + 7. What is the units digit of g?
3
Suppose -2*z - 18 = z - 3*w, -z - w = 2. Let b(p) = -p**3 - 5*p**2 - 5*p - 2. Let m be b(z). What is the units digit of (-1)/(m/(-2) + 0)?
1
Suppose -20*s + 25 = -15*s. What is the units digit of s?
5
Let t be (-284)/(-18) - (-6)/27. Let u = -3 - -13. Let c = t - u. What is the units digit of c?
6
Suppose 2*a = 5*r + a - 282, -4*r + a + 226 = 0. What is the units digit of r?
6
Suppose -3 = g - 0*g + 4*k, -g + k - 8 = 0. Let a(o) = 15*o**3 - 9*o + 12 + 6*o**2 - 13 - 14*o**3. What is the units digit of a(g)?
3
Suppose -5*o + 141 = i, -3*o = -7*o + 12. What is the tens digit of i?
2
Suppose 0 = -14*p + 8*p + 1794. What is the hundreds digit of p?
2
Let j(s) = 5*s**2 + 8*s - 3. Let z be j(-6). Suppose z = 4*y - 11. Suppose -12 = -3*t + f + 9, 0 = 5*t - 3*f - y. What is the units digit of t?
7
Let j = -6 + 26. What is the units digit of j?
0
Let a be 1/((-2)/20)*-2. Suppose -5*t - 5 = 0, 0*t = -3*l + 2*t + a. What is the units digit of l?
6
Let q = -13 - -10. What is the units digit of 0 - 2/(2/q)?
3
Let r = -2 - -19. Suppose 4*t = g + r, 2*g - 3 = 3. What is the units digit of t?
5
Let p(s) = -1 - 1 - 3*s + 3*s**2 + s. Let m be p(2). Suppose 5*d - 15 = 5*j, -m*j + 1